t the prime factors of 2711768.
2, 419, 809
List the prime factors of 2070816.
2, 3, 11, 37, 53
What are the prime factors of 76106?
2, 38053
What are the prime factors of 1841028?
2, 3, 7, 31, 101
List the prime factors of 1037863.
419, 2477
List the prime factors of 290459.
13, 22343
List the prime factors of 2004341.
2004341
List the prime factors of 7833034.
2, 11, 463, 769
List the prime factors of 1545593.
7, 19, 11621
List the prime factors of 1103298.
2, 3, 7, 109, 241
What are the prime factors of 516980?
2, 5, 25849
What are the prime factors of 13093260?
2, 3, 5, 47, 4643
List the prime factors of 962356.
2, 240589
List the prime factors of 1716428.
2, 7, 59, 1039
What are the prime factors of 397695?
3, 5, 26513
List the prime factors of 336512.
2, 11, 239
What are the prime factors of 39718466?
2, 929, 21377
List the prime factors of 432218.
2, 197, 1097
What are the prime factors of 11814857?
11814857
List the prime factors of 2828058.
2, 3, 37, 12739
What are the prime factors of 23661375?
3, 5, 63097
List the prime factors of 1897386.
2, 3, 31, 101
What are the prime factors of 34332001?
11, 3121091
List the prime factors of 90327.
3, 30109
What are the prime factors of 1117493?
13, 67, 1283
List the prime factors of 3315382.
2, 7, 236813
What are the prime factors of 6312618?
2, 3, 13, 53, 509
List the prime factors of 431943.
3, 143981
What are the prime factors of 2289179?
2289179
What are the prime factors of 22773676?
2, 17, 53, 71, 89
What are the prime factors of 1373480?
2, 5, 34337
What are the prime factors of 1630618?
2, 11, 19, 47, 83
List the prime factors of 6198870.
2, 3, 5, 127, 1627
What are the prime factors of 619979?
619979
List the prime factors of 1549264.
2, 37, 2617
List the prime factors of 6025410.
2, 3, 5, 66949
List the prime factors of 1653712.
2, 103357
List the prime factors of 8355658.
2, 61, 68489
What are the prime factors of 21621166?
2, 7, 467, 3307
List the prime factors of 4340548.
2, 1085137
What are the prime factors of 615290?
2, 5, 13, 4733
List the prime factors of 18793853.
13, 53, 27277
What are the prime factors of 696510?
2, 3, 5, 71, 109
What are the prime factors of 425229?
3, 7, 20249
List the prime factors of 4822459.
67, 167, 431
What are the prime factors of 5907040?
2, 5, 36919
What are the prime factors of 483817?
31, 15607
What are the prime factors of 198235?
5, 41, 967
What are the prime factors of 42236?
2, 10559
List the prime factors of 1043029.
13, 80233
What are the prime factors of 112814?
2, 13, 4339
What are the prime factors of 155099?
7, 22157
List the prime factors of 37532375.
5, 71, 4229
What are the prime factors of 4219241?
13, 324557
List the prime factors of 85764.
2, 3, 7, 1021
List the prime factors of 28713258.
2, 3, 7, 37, 2053
What are the prime factors of 1498043?
1031, 1453
List the prime factors of 3328019.
3328019
List the prime factors of 353804.
2, 11, 17, 43
List the prime factors of 770849.
19, 29, 1399
What are the prime factors of 16473582?
2, 3, 915199
List the prime factors of 2896814.
2, 41, 35327
What are the prime factors of 227993?
227993
What are the prime factors of 525636?
2, 3, 31, 157
List the prime factors of 18300563.
18300563
What are the prime factors of 65060?
2, 5, 3253
List the prime factors of 8246.
2, 7, 19, 31
What are the prime factors of 5208403?
31, 168013
What are the prime factors of 276098?
2, 127, 1087
List the prime factors of 1162448.
2, 7, 97, 107
List the prime factors of 7947979.
13, 593, 1031
What are the prime factors of 377897?
13, 41, 709
List the prime factors of 5469591.
3, 1823197
What are the prime factors of 18947449?
18947449
List the prime factors of 4820592.
2, 3, 7, 14347
List the prime factors of 340259.
41, 43, 193
List the prime factors of 1733964.
2, 3, 144497
What are the prime factors of 253163?
383, 661
List the prime factors of 1868136.
2, 3, 77839
List the prime factors of 1028564.
2, 257141
List the prime factors of 12373471.
11, 23, 48907
List the prime factors of 651453.
3, 11, 19, 1039
List the prime factors of 1559468.
2, 389867
What are the prime factors of 21524270?
2, 5, 2152427
What are the prime factors of 2776973?
2776973
What are the prime factors of 15224026?
2, 83, 91711
What are the prime factors of 5546354?
2, 11, 59, 4273
List the prime factors of 9009.
3, 7, 11, 13
What are the prime factors of 31213129?
31213129
What are the prime factors of 5806192?
2, 7, 47, 1103
List the prime factors of 252694.
2, 13, 9719
What are the prime factors of 477058?
2, 238529
List the prime factors of 3866350.
2, 5, 53, 1459
What are the prime factors of 2733439?
83, 32933
What are the prime factors of 431786?
2, 215893
What are the prime factors of 1174749?
3, 59, 6637
What are the prime factors of 7971985?
5, 7, 43, 5297
List the prime factors of 96691.
7, 19, 727
List the prime factors of 12201997.
383, 31859
What are the prime factors of 15142818?
2, 3, 17, 31, 4789
What are the prime factors of 3206642?
2, 17, 37, 2549
What are the prime factors of 21504800?
2, 5, 26881
What are the prime factors of 330921?
3, 83, 443
What are the prime factors of 1571979?
3, 31, 16903
What are the prime factors of 257007?
3, 85669
What are the prime factors of 243465?
3, 5, 16231
What are the prime factors of 271619?
271619
What are the prime factors of 125182?
2, 62591
What are the prime factors of 598362?
2, 3, 31, 3217
What are the prime factors of 14222800?
2, 5, 31, 37
List the prime factors of 5452401.
3, 199, 9133
What are the prime factors of 2356064?
2, 17, 61, 71
What are the prime factors of 340675?
5, 13627
List the prime factors of 14479815.
3, 5, 7, 239, 577
List the prime factors of 308313.
3, 19, 601
List the prime factors of 4671213.
3, 37, 42083
What are the prime factors of 790806?
2, 3, 17, 7753
What are the prime factors of 974068?
2, 243517
What are the prime factors of 151567?
13, 89, 131
What are the prime factors of 24631351?
17, 1448903
What are the prime factors of 847122?
2, 3, 59, 2393
List the prime factors of 288151.
107, 2693
What are the prime factors of 321597?
3, 43, 277
List the prime factors of 245001.
3, 81667
What are the prime factors of 3102273?
3, 89, 1291
List the prime factors of 7281456.
2, 3, 7, 13, 1667
What are the prime factors of 121807?
7, 17401
List the prime factors of 2404992.
2, 3, 6263
List the prime factors of 491738.
2, 13, 18913
List the prime factors of 1741825.
5, 19, 193
What are the prime factors of 27219367?
7, 41, 94841
List the prime factors of 6544808.
2, 818101
List the prime factors of 778947.
3, 13, 19973
What are the prime factors of 306401?
347, 883
List the prime factors of 25328.
2, 1583
List the prime factors of 195585.
3, 5, 13, 17, 59
What are the prime factors of 1902598?
2, 951299
List the prime factors of 311225.
5, 59, 211
List the prime factors of 2353355.
5, 433, 1087
List the prime factors of 1693909.
7, 61, 3967
List the prime factors of 612657.
3, 22691
List the prime factors of 3822535.
5, 17, 44971
List the prime factors of 3039831.
3, 337759
What are the prime factors of 65772?
2, 3, 7, 29
List the prime factors of 2270817.
3, 252313
What are the prime factors of 4890088?
2, 7, 87323
List the prime factors of 23984306.
2, 1877, 6389
What are the prime factors of 497237?
13, 23, 1663
List the prime factors of 1123926.
2, 3, 19, 9859
List the prime factors of 1351911.
3, 11, 71, 577
List the prime factors of 101843.
7, 14549
List the prime factors of 283900.
2, 5, 17, 167
What are the prime factors of 501404?
2, 103, 1217
List the prime factors of 1349969.
19, 227, 313
List the prime factors of 12428.
2, 13, 239
List the prime factors of 606690.
2, 3, 5, 7, 107
What are the prime factors of 817953?
3, 272651
List the prime factors of 441590.
2, 5, 44159
What are the prime factors of 4676099?
139, 33641
What are the prime factors of 343804?
2, 23, 37, 101
What are the prime factors of 311446?
2, 155723
List the prime factors of 5220442.
2, 2610221
List the prime factors of 149205.
3, 5, 7, 29
What are the prime factors of 122176?
2, 23, 83
List the prime factors of 1987332.
2, 3, 165611
List the prime factors of 2844898.
2, 7, 203207
List the prime factors of 639059.
47, 13597
List the prime factors of 4723